0. Let p = k - -91. What is the units digit of p?
1
Let q be 4 + 4/(-8)*2. What is the units digit of 1784/24 - (-2)/q?
5
Let x be ((-3)/(18/(-4)) + -1)*-39. Suppose 9*h + 660 = x*h. What is the tens digit of h?
6
Let l be 11/((-55)/(-180)) + 2. Suppose -3*t + 400 = 2*t. Suppose -l*s = -43*s + t. What is the units digit of s?
6
Let t(p) = -p**3 + 4*p**2 + 2*p + 3. Let v be t(3). Suppose -2*s - v = -212. What is the units digit of s?
7
Let m be (40 - (1 - -1)) + 0. Suppose -2*i - 3*u - 2*u + 70 = 0, -i = 4*u - m. What is the units digit of i?
0
Let f(h) = 4*h + 3*h - 3 - 2*h - 6*h. Let r be f(-8). What is the units digit of (3 - (-3 + r))*21?
1
What is the units digit of 13/3*(9 - 16 - -214)?
7
Suppose 0 = 3*s - m - 1560, -5*s + 5*m - 2600 = -10*s. Suppose 0 = 3*j + 43 - s. What is the units digit of j?
9
Let d(g) = 20*g - 2. Let v be (-34)/119*2*-7. What is the tens digit of d(v)?
7
Let s(t) = -2*t**3 - 6*t**2 - 2*t - 6. What is the tens digit of s(-6)?
2
Suppose -4*g + 882 = -10*g. Let n = g + 238. What is the units digit of n?
1
Let z(k) = -28*k - 9. Let c be z(-4). Suppose -272 - 38 = -5*l. Suppose -5*d = -c - l. What is the tens digit of d?
3
What is the units digit of (114/(-24)*-2)/((-1)/(-50))?
5
Let h = 3357 + -2025. What is the thousands digit of h?
1
Let n = 1656 - 696. Suppose -n = -4*g - 6*g. What is the tens digit of g?
9
Let z(a) = 24*a + 5*a + 9 + 13*a. What is the units digit of z(3)?
5
Suppose -6*h + 4*h + 4 = 0. Suppose h*m + 8 = 6*m. Suppose m*w + 2*a = 156, 0*a + a - 2 = 0. What is the units digit of w?
6
Suppose 0 = 5*l - 3*d - 6, -2*d = -5*l + 2*d + 8. Let u = -195 + 418. Suppose l = -3*b + 3*r + 141, -b - 2*r = -6*b + u. What is the tens digit of b?
4
Suppose -2*b = -9 - 3. Suppose -27 + 3 = -b*c. What is the units digit of c?
4
Suppose v - 3*s - 1271 = 0, v - 355 - 912 = s. What is the tens digit of v?
6
Let g be ((-15)/(-9))/((-5)/(-6)). Suppose -4*m - 2*u + 28 = -2*m, -2*u - 12 = -g*m. What is the units digit of m?
0
Let w(t) be the first derivative of t**3/6 + 2*t**2 - t + 2. Let p(s) be the first derivative of w(s). What is the units digit of p(-2)?
2
Suppose 11*j - 4062 = 3088. What is the units digit of j?
0
Suppose 4*z - 1596 = 4*f, z - 47 = 2*f + 357. What is the units digit of z?
4
Suppose -2*k = -0*k. Suppose k*u + 567 = u. Suppose 0*y = -7*y + u. What is the tens digit of y?
8
Let d(g) = -71*g - 33. What is the units digit of d(-7)?
4
Suppose z = -z - 4, 0 = -3*h - 5*z + 26. What is the tens digit of 306/h - 3/(-6)?
2
Let i = -187 - -524. What is the hundreds digit of i?
3
Let j = 1266 + -964. What is the hundreds digit of j?
3
Let q(i) = i**2 + 14*i - 26. Let o be q(-16). What is the units digit of (5/1)/(2/o)?
5
Let c = -56 + 57. Suppose -2*v = -39 + c. What is the tens digit of v?
1
Let p(s) = -s**2 + 15*s + 24. Let m be p(21). Let y = m - -151. What is the tens digit of y?
4
Let i(d) = 5*d**2 + 8 - 5*d**2 - 3 + d**2. Let w be i(0). Suppose -w*m + 148 = -2*g, -3*g + 11 = 2*m - 52. What is the tens digit of m?
3
Let j(o) = -3*o. Let w be ((-6)/(-3))/1 + -7. Let r be j(w). Suppose -7*l + 2*l = -r. What is the units digit of l?
3
Suppose -1790*c + 11242 = -1783*c. What is the units digit of c?
6
Let d(n) = n**2 - 9*n + 12. Let t be d(6). What is the units digit of 536/12 - (t/9)/2?
5
Suppose -3*l + 7*l + 4*b = -20, 0 = -3*l - 2*b - 10. What is the units digit of (l + 4/2)/((-4)/(-522))?
1
Suppose -r + 5*v - 18 = 0, -20 = -2*v - 3*v. Let j(b) = -r*b**2 - 7 + 6 + 3*b**2 + 3*b. What is the units digit of j(-7)?
7
Let x(n) = n**2 + 1 - 2 - 26*n**3 + 2*n + 21*n**3. What is the units digit of x(-3)?
7
Let x be 2*4*(-3)/(-8). Suppose 0 = -4*f - 5*q + 264, -2*f + 0*q + x*q = -132. What is the tens digit of f?
6
What is the units digit of (13 - 4)*(-406)/(-14)?
1
Let c(a) = -a - 1. Let b = -1 + 5. Let j be c(b). What is the units digit of ((-60)/16)/j*28?
1
Suppose 9*v = 8*v + 405. Suppose -m + 153 - 18 = -j, 3*m - v = -2*j. What is the tens digit of m?
3
Let x = -1457 + 1691. What is the units digit of x?
4
Suppose -528 = -c - 361. What is the units digit of c?
7
Suppose 0 = 3*i - d - 67 + 16, -4*i + 70 = -2*d. Suppose 3*a - 5*a = -i. What is the units digit of a?
8
Suppose 0 = 4*x - k - 3*k, -2*x + 4 = -k. Suppose -3*p - x*c = -221, p = -c - c + 77. What is the tens digit of p?
6
Suppose 0 = -4*b - 2*r + r + 7, 3*b + 5*r + 16 = 0. Suppose x + b*v = 2*x - 36, -16 = -x - 2*v. What is the units digit of x?
4
Let g(y) = -69*y**3 - 5*y**2 - 6*y - 1. What is the units digit of g(-1)?
9
Suppose -3*o - 6 = -c, 2*o - 21 = -5*c + 4*c. Let s(i) = c*i**2 + 4*i**2 + 2*i + 33*i**2 - 8*i**2 - 1. What is the units digit of s(1)?
5
Suppose 132*z - 28670 = 85*z. What is the units digit of z?
0
Let p = -6 - -11. Suppose 0 = -0*h + 5*h - 760. Suppose 0 = -4*x + p*t + h, 4*t + 141 + 49 = 5*x. What is the tens digit of x?
3
Let a be ((-9)/4)/(1/(-16)). Suppose 4*j - d = 72, -a - 36 = -4*j - 5*d. What is the units digit of j?
8
Suppose 57*r - 56*r + 14629 = 3*n, 4*n - 19502 = 2*r. What is the hundreds digit of n?
8
What is the tens digit of (-665 - 7)*(-6)/8?
0
Let f = -81 - -173. Suppose -58 - f = -5*t. Suppose 0 = -2*s + t + 2. What is the units digit of s?
6
Let g(m) = -69*m**2 + 6*m - 5. Let x be g(2). Let b = 60 - x. What is the units digit of b?
9
Let z(l) = -15*l**3 - 5*l**2 - 9*l - 17. Let x be z(-4). Suppose b + 4*i - 141 = 0, -5*b = -5*i + 69 - x. What is the hundreds digit of b?
1
Let a = -1013 + 2040. What is the tens digit of a?
2
Let i be 13736/44 - (2 + 20/(-11)). Suppose -2*o = 6*o - i. What is the tens digit of o?
3
What is the tens digit of (10/25)/(-4 + 97405/24350)?
4
Let v = -49 + 54. What is the tens digit of (3 + -6*3)*(-24)/v?
7
Let g(o) = -10*o + 106. What is the tens digit of g(-17)?
7
Suppose -3*z + 2*z = -79. Let y be 2 + -1 + z/(-1). What is the units digit of (3 - 3 - y)/2?
9
Let g = 11928 + -6912. What is the tens digit of g?
1
Let t(g) = 107*g + 1. Let s be t(1). Let n = -56 + s. What is the tens digit of n?
5
Suppose 7*u - 2*u = -5*x + 50, -u = -3*x + 10. Suppose x*y - 409 = 11. What is the units digit of y?
4
Let o be 4/(-8)*-1*-68. Let t be 2/(-5) + o/(-10). Suppose -5*a + t*c + 109 = 0, -2*a + c + 54 = 5*c. What is the tens digit of a?
2
Suppose -8*d + 52 = -4*d - 5*c, -c = -d + 14. Suppose 0 = 5*h + d - 123. Let m = 37 - h. What is the units digit of m?
6
Let q = 3276 - 920. What is the hundreds digit of q?
3
Let l be -1*7/(7/(-18)). Let o = 20 - l. What is the tens digit of 29 + 4 + -1 + o?
3
Let p(g) = 13 - 319*g + 296*g + 25. What is the hundreds digit of p(-7)?
1
Suppose -6375 + 26385 = 30*w. What is the hundreds digit of w?
6
Let g(r) = r**3 + 7*r**2 + 5*r - 4. Let s be g(-5). Suppose 9 + s = -5*a. Let d(k) = -8*k - 6. What is the units digit of d(a)?
2
Let c(b) = 8*b + 285. Let z = 13 - 13. What is the hundreds digit of c(z)?
2
What is the hundreds digit of (-156)/(-338) - (-49960)/26?
9
Let m(z) = z**2 + 13*z + 5. Let v be m(-13). Suppose v*f = 3*f + 20. Suppose -2*x = -f - 54. What is the tens digit of x?
3
Let a(j) = 6*j**2 - 19*j + 11. Let v be a(5). Let z be ((-10)/4)/((-1)/2). Suppose -4*y + v = -0*k - 2*k, -z*k = 4*y - 45. What is the tens digit of y?
1
Suppose -3*s - 2*s + 620 = 0. Suppose -s + 34 = -5*i. Suppose 3*v + i = 5*v. What is the units digit of v?
9
Let i be 5*(-3 - 68/(-20)). Suppose 20 = 4*o - 5*a, a + 2 = i*o - 2. Suppose 4*w = -o*k - 3*k + 36, 3*k - 2*w - 18 = 0. What is the units digit of k?
8
Suppose -8*i - 840 = -976. What is the units digit of i?
7
Let x(m) = 0 + 3*m + 0*m**3 + 19 - 4*m**3 + 3*m**3 + 14*m**2. What is the units digit of x(14)?
1
Suppose 4*a + q - 533 - 134 = 0, -a + 5*q = -193. What is the tens digit of a?
6
Let s(t) = 3*t**2 + 20*t + 9. What is the tens digit of s(8)?
6
Let b be 55/(-22)*(-4)/2. Suppose s = 6*s - b, -5*s - 43 = -2*u. Suppose -4*y = -2*y - 2*o - u, 28 = y + 3*o. What is the tens digit of y?
1
Let k(t) = t**3 - t**2 - 9*t. Let u be k(4). Suppose -u*a - 24 = -15*a. Let b(f) = f**3 - 7*f**2 - 3*f - 7. What is the units digit of b(a)?
3
Let a be 20/(-24)*14*3 - 2. Let l = a - -115. What is the units digit of l?
8
Let h(s) = 2*s**2 + 3*s - 73. What is the hundreds digit of h(12)?
2
Let a = -117 - -121. Suppose a*m + 8 = 0, 4*o - 804 - 302